{"id":2731,"date":"2013-08-20T11:31:08","date_gmt":"2013-08-20T09:31:08","guid":{"rendered":"http:\/\/jonaswinner.com\/?page_id=2731"},"modified":"2016-02-11T13:39:59","modified_gmt":"2016-02-11T12:39:59","slug":"berlin-gothic-presse","status":"publish","type":"page","link":"https:\/\/jonaswinner.com\/?page_id=2731","title":{"rendered":"BERLIN GOTHIC Presse"},"content":{"rendered":"<p><strong>Artikel und Interviews \u00fcber &#8222;Berlin Gothic&#8220; im Netz<\/strong><\/p>\n<p><a href=\"http:\/\/www.3sat.de\/mediathek\/index.php?display=1&amp;mode=play&amp;obj=34431\">&#8222;Kulturzeit&#8220; von 3sat, 22.01.2013 \u00fcber Berlin Gothic, Selfpublishing &amp; Co. (der ganze Beitrag<\/a> oder auch <a href=\"http:\/\/www.3sat.de\/page\/?source=\/kulturzeit\/themen\/167281\/index.html\">nur der Text<\/a>)<\/p>\n<p><a href=\"http:\/\/www.3sat.de\/mediathek\/index.php?display=1&amp;mode=play&amp;obj=34431\"><img loading=\"lazy\" decoding=\"async\" title=\"kultur_3sat_01.2013\" src=\"https:\/\/jonaswinner.com\/wp-content\/uploads\/2011\/09\/kultur_3sat_01.2013.jpg\" alt=\"\" width=\"515\" height=\"336\" \/><\/a><\/p>\n<p><a href=\"http:\/\/www.zeit.de\/kultur\/literatur\/2013-01\/self-publishing-literatur\">&#8222;Die Zeit&#8220; \u00fcbers Selfpublishing (u.a. Berlin Gothic) <\/a><\/p>\n<p><a href=\"http:\/\/www.tagesspiegel.de\/kultur\/verbrecher-jagd-das-groschenheft-ist-wieder-da\/7571128.html\">Kolja Mensing im &#8222;Tagesspiegel&#8220; \u00fcber digitale Roman-Reihen und Berlin Gothic<\/a><\/p>\n<p><a href=\"http:\/\/www.taz.de\/1\/archiv\/digitaz\/artikel\/?ressort=hi&amp;dig=2012%2F12%2F29%2Fa0038&amp;cHash=f99e5e1118cab99bc0867f25faaf2c65\">Langes Interview in der tageszeitung, 29.12.12<\/a><\/p>\n<p><a href=\"https:\/\/jonaswinner.com\/wp-content\/uploads\/2012\/12\/baz-2.jpg\">Ausf\u00fchrliches Portr\u00e4t in der Basler Zeitung, 19.11.12<\/a><\/p>\n<p><a href=\"http:\/\/www.tagesspiegel.de\/zeitung\/frankfurter-buchmesse-das-papierlos\/7238988.html\">&#8222;Der Tagesspiegel&#8220;, Seite 3, \u00fcber &#8222;Berlin Gothic&#8220; und &#8222;Der Architekt&#8220;<\/a><\/p>\n<p><a href=\"http:\/\/www.hr-online.de\/website\/radio\/hr-info\/index.jsp?key=standard_document_46324589&amp;jmpage=1&amp;type=a&amp;jm=1&amp;mediakey=hrinfo\/20121015_winner_audio_128k\">Radio Interview (ca. 20 Minuten) auf hr iNFO<\/a><\/p>\n<p><a href=\"https:\/\/jonaswinner.com\/wp-content\/uploads\/2012\/10\/Augburger-Allgemeine_Seite-12.pdf\">&#8222;Der Selfmade-Autor&#8220;, langes Portr\u00e4t in der &#8222;Augsburger Allgemeinen&#8220; am 6.10.12<\/a><\/p>\n<p><a href=\"http:\/\/www.zdf.de\/ZDFmediathek\/beitrag\/video\/1752502\/ZDF-heute-Sendung-vom-12.-Oktober-2012#\/beitrag\/video\/1752502\/ZDF-heute-Sendung-vom-12.-Oktober-2012\">ZDF 19 Uhr &#8222;heute&#8220; Nachrichten \u00fcber &#8222;Berlin Gothic&#8220; am 12.10.12<\/a> (ab Minute 14.12) oder nur der <a href=\"http:\/\/www.heute.de\/ZDF\/zdfportal\/web\/heute-Nachrichten\/4672\/24745634\/391a57\/Autoren-verlegen-sich-selbst.html\">&#8222;heute&#8220;-Beitrag<\/a><\/p>\n<p><a href=\"http:\/\/info.zdf.de\/ZDF\/zdfportal\/programdata\/554e767c-012d-36a6-9be7-ceec661f1b5a\/20067491?doDispatch=1\">WISO plus auf ZDF info \u00fcber &#8222;Berlin Gothic&#8220;<\/a><\/p>\n<p>Deutsche Welle \u00fcber &#8222;Berlin Gothic&#8220;: <a href=\"http:\/\/www.dailymotion.com\/video\/xubkzh_digital-competition-for-the-printed-book-arts-21_fun\" target=\"_blank\">Digital Competition for the Printed Book | Arts.21<\/a> <em>von <a href=\"http:\/\/www.dailymotion.com\/DW_English\" target=\"_blank\">DW_English<\/a><\/em><\/p>\n<p><a href=\"http:\/\/www.bz-berlin.de\/kultur\/literatur\/jonas-winner-ist-der-star-der-e-book-szene-article1523443.html\">&#8222;Der Star der E-Book-Szene&#8220;, B.Z., 20.8.12<\/a><\/p>\n<p><a href=\"http:\/\/www.ilmitte.com\/berlin-gothic-le-book-dei-record-centomila-copie-vendute\/\">&#8222;L\u2019e-book che sta facendo discutere mezza Germania &#8230; &#8222;, Il Mitte, Quotidiano die Berlino per Italofoni<\/a><\/p>\n<p><a href=\"http:\/\/virenschleuderpreis.de\/index.php\/2012\/08\/15\/jonas-winner-nutzung-von-gestaltungsmitteln-aus-dem-fernsehen-fur-die-thriller-reihe-berlin-gothic\/\">Nominierung von &#8222;Berlin Gothic&#8220; f\u00fcr den Virenschleuderpreis, 15.8.12<\/a><\/p>\n<p><a href=\"http:\/\/www.berliner-zeitung.de\/kultur\/jonas-winners--berlin-gothic--eine-folge-fuer-99-cent,10809150,16857214.html\">Gro\u00dfer Artikel \u00fcber &#8222;Berlin Gothic&#8220; in der &#8222;Berliner Zeitung&#8220;, 11.8.12 von Patrick Schirmer Sastre<\/a><\/p>\n<p><a href=\"https:\/\/jonaswinner.com\/wp-content\/uploads\/2012\/08\/F-FEU4a-feu.pdf\">&#8222;Marketing ist v\u00f6llig egal&#8220; &#8211; Artikel in der &#8218;Frankfurter Rundschau&#8216;, 13.8.12<\/a><\/p>\n<p><a href=\"http:\/\/krimikiosk.blogspot.de\/2012\/08\/berlin-gothic-ebook-rasanter-thriller.html?utm_source=feedburner&amp;utm_medium=twitter&amp;utm_campaign=Feed:+blogspot\/ByZA+%28KrimiKiosk-Blog-Rss-Feed%29\">Sch\u00f6ne Rezension &#8222;Berlin Gothic 1-7, Krimi Kiosk, Tanja Werner, 9.8.12<\/a><\/p>\n<p><a href=\"http:\/\/www.welt.de\/print\/die_welt\/kultur\/article108402737\/Ernst-Book-gesucht.html\">Die Welt \u00fcber &#8222;gro\u00dfen Direct Publishing Star&#8220; u.a., 28.7.12<\/a><\/p>\n<p><a href=\"http:\/\/www.e-book-news.de\/amazon-legt-zahlen-zu-kdp-vor-%E2%80%9Eberlin-gothic%E2%80%9C-toppt-100-000er-marke\/\">e-book-news, 27.7.12, \u201e&#8217;Berlin Gothic&#8216; toppt 100.000er Marke&#8220;<\/a><\/p>\n<p><a href=\"http:\/\/www.faz.net\/aktuell\/feuilleton\/buecher\/trend-zum-selbstverlag-ich-heisst-die-marktmacht-11830607.html\">Die Frankfurter Allgemeine Zeitung \u00fcber Berlin Gothic, kdp etc. (24.7.12)<\/a><\/p>\n<p><a href=\"http:\/\/www.buchreport.de\/nachrichten\/online\/online_nachricht\/datum\/2012\/07\/25\/serienmorde-und-holunderkuesschen.htm?no_cache=1&amp;cHash=9ec5f8a6b583561801c94bba11949632\">Buchreport \u00fcber &#8222;Bestseller-K\u00f6nig&#8220; &#8230; (25.7.12)<\/a><\/p>\n<p><a href=\"https:\/\/jonaswinner.com\/wp-content\/uploads\/2012\/07\/amazonPM.jpg\">Amazon.de Pressermitteilung zu 100.000 x Berlin Gothic am 25.7.12 (Auszug) <\/a><\/p>\n<p><a href=\"http:\/\/verlorene-werke.blogspot.de\/2012\/07\/e-book-vs-print-von-jonas-winner.html\">Gast-Artikel von mir zum Thema &#8222;E-Book vs. Print&#8220; auf verlorene-werke.blogspot.de<\/a><\/p>\n<p><a href=\"http:\/\/www.literaturcafe.de\/selfpublishing-vortrag-verlage\/\">Literaturcaf\u00e9 am 29.6.12 \u00fcber&#8217;s Selfpublishing, u.a. zu Bestsellerlisten &amp; Berlin Gothic &#8230; <\/a><\/p>\n<p><a href=\"http:\/\/catiliane.blogspot.de\/2012\/06\/in-der-kurze-liegt-die-wurze-jonas.html\">Sc\u00e8nes de la vie de boh\u00e8me, 21.6.2012, In der K\u00fcrze liegt die W\u00fcrze: Berlin Gothic 1<\/a> und <a href=\"http:\/\/catiliane.blogspot.de\/2012\/06\/rezension-jonas-winner-berlin-gothic-2.html\">Rezension vom 28.6.12 zu Berlin Gothic 2<\/a><\/p>\n<p><a href=\"http:\/\/ebook-fieber.de\/e-books\/berlin-gothic-7-teil-des-thriller-erfolgs-erobert-ebook-bestsellerlisten\/?utm_source=feedburner&amp;utm_medium=twitter&amp;utm_campaign=Feed%3A+Ebook-fieber+%28eBook-Fieber%29\">E-Book-Fieber, 25.6.2012, Thriller-Erfolg erobert Bestseller-Listen<\/a><\/p>\n<p><a href=\"http:\/\/frieling.blog.de\/2012\/06\/20\/100-000-verkaufte-e-books-zehn-monaten-jonas-winner-berlin-gothic-phaenomen-13907687\/\">Prinz Rupi Blog, 20.6.2012, Jonas Winner und das &#8222;Berlin Gothic&#8220; Ph\u00e4nomen<\/a><\/p>\n<p><a href=\"http:\/\/chaosbibliothek.blogspot.de\/2012\/06\/info.html\">Chaosbibliothek, 20.6.2012, Info<\/a><\/p>\n<p><a href=\"http:\/\/www.buchreport.de\/nachrichten\/verlage\/verlage_nachricht\/datum\/2012\/06\/21\/auf-dem-weg-zum-internationalen-erfolg.htm\">Buchreport, 21.6.2012, &#8222;Auf dem Weg zum internationalen Erfolg&#8220;<\/a><\/p>\n<p><a href=\"http:\/\/dieliebezudenbuechern.blogspot.de\/2012\/05\/e-book-rezension-berlin-gothic-2-die.html\">Rezension Berlin Gothic 1+2, 29.5.12, dieliebezudenb\u00fcchern. blogspot.de<\/a><strong><br \/>\n<\/strong><\/p>\n<p><a href=\"http:\/\/atarijunge.de\/post\/22773205860\">Rezension Berlin Gothic 1, atarijunge.de<\/a><\/p>\n<p><a href=\"http:\/\/www.wirtschaftsblatt.at\/archiv\/autoren-machen-sich-unabhaengig-517461\/index.do\">Stefan Mey, Wirtschaftsblatt, 8.5.12, &#8222;Autoren machen sich unabh\u00e4ngig&#8220;<\/a><\/p>\n<p><a href=\"http:\/\/www.dctp.tv\/filme\/republica2012-tischer\/\">dctp.tv von der re:publica 2012 am 4.5.12: Tischer &amp; Banse \u00fcber selfpublishing &#8230; Freu mich, erw\u00e4hnt zu werden!<\/a><\/p>\n<p><a href=\"http:\/\/www.literaturcafe.de\/e-book-ratgeber-ein-interessantes-und-lehrreiches-experiment\/\">&#8222;Berlin Gothic&#8220; als Beleg f\u00fcr Erfolg von Serien-Ver\u00f6ffentlichungen, Literaturcaf\u00e9, 1.5.12<\/a><strong><br \/>\n<\/strong><\/p>\n<p><a href=\"http:\/\/www.elektrischer-reporter.de\/phase3\/video_flash\/272\">ZDF, Der Elektrische Reporter 035, \u00fcber E-Books und (ganz am Rand) auch &#8218;Jonas Winner&#8216;<\/a><\/p>\n<p><a href=\"http:\/\/de.wikipedia.org\/wiki\/Berlin_Gothic\">Berlin Gothic auf wikipedia<\/a><strong><br \/>\n<\/strong><\/p>\n<p><a href=\"http:\/\/www.manager-magazin.de\/unternehmen\/handel\/0,2828,829092,00.html\">BERLIN GOTHIC im manager magazin: &#8222;Revolte gegen den Platz-hirschen&#8220;, 24.4.12<\/a><\/p>\n<p><a href=\"http:\/\/medienradio.org\/mr\/mr057-ebooks-im-selbstverlag\/\">Talk im Medienradio mit Philip Banse, 17.4.2012<\/a><strong><br \/>\n<\/strong><\/p>\n<p><a href=\"http:\/\/literaturzeitschrift.blog.de\/2012\/03\/14\/berlin-gothic-e-book-bestseller-lokalkolorit-13181259\/\">Literaturzeitschrift.de, 14.3.2012, <\/a><a href=\"http:\/\/literaturzeitschrift.blog.de\/2012\/03\/14\/berlin-gothic-e-book-bestseller-lokalkolorit-13181259\/\">&#8222;Berlin Gothic: E-Book-Bestseller mit Lokalkolorit&#8220; <\/a><\/p>\n<p><a href=\"http:\/\/www.buchreport.de\/nachrichten\/verlage\/verlage_nachricht\/datum\/2012\/03\/15\/rolle-der-verlage-wird-in-frage-gestellt.htm\">&#8222;Rolle der Verlage wird in Frage gestellt&#8220;, u.a. \u00fcber &#8222;Berlin Gothic&#8220;, buchreport, 15.3.2012<\/a><\/p>\n<p><a href=\"http:\/\/www.welt.de\/wirtschaft\/webwelt\/article13914233\/Amazon-koennte-Buchpreisbindung-zu-Fall-bringen.html\">Die Welt, 10.3.2012, \u00fcber E-Books, u.a. &#8222;Berlin Gothic&#8220; &#8230;<\/a> (auch in der <a href=\"http:\/\/www.morgenpost.de\/web-wissen\/web-technik\/article1924588\/Amazon-will-Buchpreisbindung-zu-Fall-bringen.html\">Berliner Morgenpost<\/a>)<\/p>\n<p><a href=\"http:\/\/www.tt.com\/csp\/cms\/sites\/tt\/Freizeit\/4335164-2\/autoren-publizieren-im-netz---doch-traum-vom-gedruckten-buch-bleibt.csp\">Tiroler Tageszeitung (und andere via dpa), 16.2.2012, &#8222;Schriftsteller wie Jonas Winner oder Amanda Hocking &#8230;&#8220; <\/a><strong><br \/>\n<\/strong><\/p>\n<p><a href=\"http:\/\/www.buchreport.de\/nachrichten\/online\/online_nachricht\/datum\/2012\/02\/08\/enorme-spielfreude-und-erfindungslust.htm\">Buchreport, 7.2.2012, &#8222;Interview mit dem Amazon-Bestseller-Autor Jonas Winner&#8220;<\/a><\/p>\n<p><a href=\"http:\/\/www.buchreport.de\/nachrichten\/online\/online_nachricht\/datum\/2012\/01\/02\/digitaler-durchbruch.htm\">Buchreport, 2.1.2012, zwei Berlin Gothic B\u00e4nde unter den f\u00fcnf am meisten verkauften kindle E-Books 2011!<\/a><\/p>\n<p><a href=\"http:\/\/www.amazon.de\/dp\/B00718YQKO\">Ruprecht Frieling, 23.1.2012, E-Book, &#8222;Wie man erfolgreich E-Books verkauft. Exklusiv Interviews mit Top-Autoren&#8220;<\/a><strong><br \/>\n<\/strong><\/p>\n<p><a href=\"http:\/\/www.suite101.de\/news\/berlin-gothic-4-seit-191211-erhaltlich-interview-mit-j-winner-a128212\">Suite 101, 20.12.2011, &#8222;Berlin Gothic 4 seit 19.12. erh\u00e4ltlich&#8220;<\/a><\/p>\n<p><a href=\"https:\/\/jonaswinner.com\/?p=1486\">Focus (Print Magazin), 12.12.11, &#8222;M\u00fcssen Verlage zittern?&#8220;<\/a><strong><br \/>\n<\/strong><\/p>\n<p><a href=\"http:\/\/www.focus.de\/kultur\/buecher\/tid-23881\/neuer-trend-self-publishing-bestseller-ohne-verleger_aid_673299.html\">Focus.de, 14.10.2011, &#8222;Neuer Trend Self-Publishing&#8220;<\/a><\/p>\n<p>&nbsp;<\/p>\n<blockquote class=\"instagram-media\" data-instgrm-captioned data-instgrm-version=\"6\" style=\" background:#FFF; border:0; border-radius:3px; box-shadow:0 0 1px 0 rgba(0,0,0,0.5),0 1px 10px 0 rgba(0,0,0,0.15); margin: 1px; max-width:658px; padding:0; width:99.375%; width:-webkit-calc(100% - 2px); width:calc(100% - 2px);\">\n<div style=\"padding:8px;\">\n<div style=\" background:#F8F8F8; line-height:0; margin-top:40px; padding:50.0% 0; text-align:center; width:100%;\">\n<div style=\" background:url(data:image\/png;base64,iVBORw0KGgoAAAANSUhEUgAAACwAAAAsCAMAAAApWqozAAAAGFBMVEUiIiI9PT0eHh4gIB4hIBkcHBwcHBwcHBydr+JQAAAACHRSTlMABA4YHyQsM5jtaMwAAADfSURBVDjL7ZVBEgMhCAQBAf\/\/42xcNbpAqakcM0ftUmFAAIBE81IqBJdS3lS6zs3bIpB9WED3YYXFPmHRfT8sgyrCP1x8uEUxLMzNWElFOYCV6mHWWwMzdPEKHlhLw7NWJqkHc4uIZphavDzA2JPzUDsBZziNae2S6owH8xPmX8G7zzgKEOPUoYHvGz1TBCxMkd3kwNVbU0gKHkx+iZILf77IofhrY1nYFnB\/lQPb79drWOyJVa\/DAvg9B\/rLB4cC+Nqgdz\/TvBbBnr6GBReqn\/nRmDgaQEej7WhonozjF+Y2I\/fZou\/qAAAAAElFTkSuQmCC); display:block; height:44px; margin:0 auto -44px; position:relative; top:-22px; width:44px;\"><\/div>\n<\/div>\n<p style=\" margin:8px 0 0 0; padding:0 4px;\"> <a href=\"https:\/\/www.instagram.com\/p\/5IHUQ9j74v\/\" style=\" color:#000; font-family:Arial,sans-serif; font-size:14px; font-style:normal; font-weight:normal; line-height:17px; text-decoration:none; word-wrap:break-word;\" target=\"_blank\">so ein gutes #Buch &#8211; les ich immer und immer wieder! #berlingothic #jonaswinner<\/a><\/p>\n<p style=\" color:#c9c8cd; font-family:Arial,sans-serif; font-size:14px; line-height:17px; margin-bottom:0; margin-top:8px; overflow:hidden; padding:8px 0 7px; text-align:center; text-overflow:ellipsis; white-space:nowrap;\">Ein von V. (@valentina.laura) gepostetes Foto am <time style=\" font-family:Arial,sans-serif; font-size:14px; line-height:17px;\" datetime=\"2015-07-14T18:34:21+00:00\">14. Jul 2015 um 11:34 Uhr<\/time><\/p>\n<\/div>\n<\/blockquote>\n<p><script async defer src=\"\/\/platform.instagram.com\/en_US\/embeds.js\"><\/script><\/p>\n<p>&nbsp;<\/p>\n<p><strong>Berlin Gothic Media &#8211; Pressemitteilungen<\/strong><\/p>\n<p><a href=\"http:\/\/www.ptext.de\/pressemitteilung\/100000-e-books-10-monaten-383904\">100.000 verkaufte E-Books in 10 Monaten &#8211; 20.6.2012<\/a><\/p>\n<p><a href=\"http:\/\/www.openpr.de\/news\/604967\/Berlin-Gothic-5-stuermt-die-kindle-Charts.html\">&#8222;Berlin Gothic 5&#8220; st\u00fcrmt die kindle Charts &#8211; 6.2.2012<\/a><\/p>\n<p><a href=\"http:\/\/www.press1.de\/entertainment\/db\/press1.mr_1316679793.html\">&#8222;Berlin Gothic&#8220;: Platz 2 in den kindle-Charts \/ Krimi &amp; Thriller &#8211; 22.9.2011<\/a><\/p>\n","protected":false},"excerpt":{"rendered":"<p>Artikel und Interviews \u00fcber &#8222;Berlin Gothic&#8220; im Netz &#8222;Kulturzeit&#8220; von 3sat, 22.01.2013 \u00fcber Berlin Gothic, Selfpublishing &amp; Co. (der ganze Beitrag oder auch nur der Text) &#8222;Die Zeit&#8220; \u00fcbers Selfpublishing (u.a. Berlin Gothic) Kolja Mensing im &#8222;Tagesspiegel&#8220; \u00fcber digitale Roman-Reihen und Berlin Gothic Langes Interview in der tageszeitung, 29.12.12 Ausf\u00fchrliches Portr\u00e4t in der Basler Zeitung, [&hellip;]<\/p>\n","protected":false},"author":1,"featured_media":0,"parent":0,"menu_order":0,"comment_status":"open","ping_status":"open","template":"","meta":{"footnotes":""},"_links":{"self":[{"href":"https:\/\/jonaswinner.com\/index.php?rest_route=\/wp\/v2\/pages\/2731"}],"collection":[{"href":"https:\/\/jonaswinner.com\/index.php?rest_route=\/wp\/v2\/pages"}],"about":[{"href":"https:\/\/jonaswinner.com\/index.php?rest_route=\/wp\/v2\/types\/page"}],"author":[{"embeddable":true,"href":"https:\/\/jonaswinner.com\/index.php?rest_route=\/wp\/v2\/users\/1"}],"replies":[{"embeddable":true,"href":"https:\/\/jonaswinner.com\/index.php?rest_route=%2Fwp%2Fv2%2Fcomments&post=2731"}],"version-history":[{"count":6,"href":"https:\/\/jonaswinner.com\/index.php?rest_route=\/wp\/v2\/pages\/2731\/revisions"}],"predecessor-version":[{"id":3585,"href":"https:\/\/jonaswinner.com\/index.php?rest_route=\/wp\/v2\/pages\/2731\/revisions\/3585"}],"wp:attachment":[{"href":"https:\/\/jonaswinner.com\/index.php?rest_route=%2Fwp%2Fv2%2Fmedia&parent=2731"}],"curies":[{"name":"wp","href":"https:\/\/api.w.org\/{rel}","templated":true}]}}