{"id":1719,"date":"2012-03-20T17:52:58","date_gmt":"2012-03-20T16:52:58","guid":{"rendered":"http:\/\/jonaswinner.com\/?page_id=1719"},"modified":"2012-06-20T14:46:24","modified_gmt":"2012-06-20T13:46:24","slug":"berlin-gothic-6-die-versteckte-bedeutung","status":"publish","type":"page","link":"https:\/\/jonaswinner.com\/?page_id=1719","title":{"rendered":"Berlin Gothic 6: &#8222;Die versteckte Bedeutung&#8220;"},"content":{"rendered":"<p><a href=\"http:\/\/www.amazon.de\/Berlin-Gothic-versteckte-Bedeutung-ebook\/dp\/B007NLSIQ2\/\">amazon<\/a><a href=\"https:\/\/jonaswinner.com\/wp-content\/uploads\/2011\/09\/BG6_master.jpg\"><img loading=\"lazy\" decoding=\"async\" class=\"size-full wp-image-1589  alignleft\" title=\"BG6_master\" src=\"https:\/\/jonaswinner.com\/wp-content\/uploads\/2011\/09\/BG6_master.jpg\" alt=\"\" width=\"204\" height=\"305\" srcset=\"https:\/\/jonaswinner.com\/wp-content\/uploads\/2011\/09\/BG6_master.jpg 566w, https:\/\/jonaswinner.com\/wp-content\/uploads\/2011\/09\/BG6_master-200x300.jpg 200w\" sizes=\"(max-width: 204px) 100vw, 204px\" \/><\/a><\/p>\n<p><a href=\"http:\/\/www.facebook.com\/pages\/Jonas-Winner\/140189889411066\">Facebook<\/a><\/p>\n<p><a href=\"..\/?page_id=1033#unique-identifier1\">weitere shops<\/a><\/p>\n<p><span style=\"text-decoration: underline;\">Inhalt<\/span><\/p>\n<p>Till Ansch\u00fctz hat begonnen, im Unternehmen von Felix von Quitzow zu arbeiten &#8211; ausgerechnet bei dem Mann, mit dem Lisa Bentheim zusammenwohnt &#8230;<\/p>\n<p>Lisa steht vor der Entscheidung ihres Lebens. Soll sie Felix\u2018 Wunsch erf\u00fcllen und eine Familie mit ihm gr\u00fcnden? Oder ihrem Herzen folgen und ihn f\u00fcr Till verlassen?<\/p>\n<p>Hat Claire sich nur eingebildet, in einem der Kellerverschl\u00e4ge verletzt worden zu sein? Oder ist wirklich etwas passiert?<\/p>\n<p>F\u00fcr Konstatin Butz z\u00e4hlt nur eins: Wer ist f\u00fcr den Tod der drei ermordeten Frauen und seiner Kollegen verantwortlich?!<\/p>\n<p>Berlin Gothic 6: Der vorletzte Band der Reihe.<\/p>\n<p>&#8222;K\u00f6nnt ihr euch vorstellen, was in einem vorgeht, wenn man erw\u00fcrgt? Was in einem vorgeht, wenn man denjenigen erw\u00fcrgt, mit dem man in der Liebeshandlung vereint ist? Wie der Drang pl\u00f6tzlich umspringt in den Drang zu T\u00d6TEN?&#8220;<\/p>\n<p><em>Eine Originalausgabe der Berlin Gothic Media \u2013 M\u00e4rz 2012<br \/>\n<\/em><\/p>\n<p>Berlin Gothic 6<\/p>\n<p><strong>ISBN 978-3-943542-11-0 (mobi\/kindle)<\/strong><\/p>\n<p><strong>ISBN 978-3-943542-12-7 (ePUB)<\/strong><\/p>\n<p><span style=\"color: #ffffff;\">*<\/span><\/p>\n<p><strong><a href=\"https:\/\/jonaswinner.com\/wp-content\/uploads\/2011\/09\/BG1-7_gro%C3%9F.jpg\"><img loading=\"lazy\" decoding=\"async\" title=\"BG1-7_gro\u00df\" src=\"https:\/\/jonaswinner.com\/wp-content\/uploads\/2011\/09\/BG1-7_gro%C3%9F.jpg\" alt=\"\" width=\"449\" height=\"91\" \/><\/a><br \/>\n<\/strong><\/p>\n<p><a href=\"https:\/\/jonaswinner.com\/?page_id=1033\"><strong>Berlin Gothic \u2013 ein Thriller in sieben B\u00e4nden<\/strong><\/a><\/p>\n<p><a href=\"https:\/\/jonaswinner.com\/?page_id=1080\">Berlin Gothic 1: \u201cBerlin Gothic\u201d<\/a>: <a href=\"http:\/\/www.amazon.de\/Berlin-Gothic-Thriller-ebook\/dp\/B005JJDUJ0\/ref=sr_1_5?s=books&amp;ie=UTF8&amp;qid=1314601665&amp;sr=1-5\">amazon<\/a> \u2013 <a href=\"https:\/\/jonaswinner.com\/?page_id=1080\">Infos<\/a> \u2013 <a href=\"http:\/\/de-de.facebook.com\/pages\/Berlin-Gothic\/162059733872913\">Facebook<\/a><\/p>\n<p><a href=\"https:\/\/jonaswinner.com\/?page_id=1093\">Berlin Gothic 2: \u201cDie versteckte Stadt\u201d<\/a>: <a href=\"http:\/\/www.amazon.de\/Die-versteckte-Stadt-Thriller-ebook\/dp\/B005OVCVZW\/\">amazon<\/a> \u2013 <a href=\"https:\/\/jonaswinner.com\/?page_id=1093\">Infos<\/a> \u2013 <a href=\"http:\/\/www.facebook.com\/pages\/Jonas-Winner\/140189889411066\">Facebook<\/a><\/p>\n<p><a href=\"https:\/\/jonaswinner.com\/?page_id=1367\">Berlin Gothic 3: \u201cXavers Ende\u201d<\/a>: <a href=\"http:\/\/www.amazon.de\/Berlin-Gothic-Xavers-Thriller-ebook\/dp\/B00624EYC8\/\">amazon<\/a> \u2013 <a href=\"https:\/\/jonaswinner.com\/?page_id=1367\">Infos<\/a> \u2013 <a href=\"http:\/\/www.facebook.com\/pages\/Jonas-Winner\/140189889411066\">Facebook<\/a><em><br \/>\n<\/em><\/p>\n<p><a href=\"https:\/\/jonaswinner.com\/?page_id=1531\">Berlin Gothic 4: \u201cDer versteckte Wille\u201d<\/a>: <a href=\"http:\/\/www.amazon.de\/Berlin-Gothic-versteckte-Thriller-ebook\/dp\/B006NZEC8C\">amazon<\/a> \u2013 <a href=\"https:\/\/jonaswinner.com\/?page_id=1531\">Infos<\/a> \u2013 <a href=\"http:\/\/www.facebook.com\/pages\/Jonas-Winner\/140189889411066\">Facebook<\/a><\/p>\n<p><a href=\"https:\/\/jonaswinner.com\/?page_id=1591\">Berlin Gothic 5: \u201cNachts bei Max\u201d<em> <\/em><\/a>: <a href=\"http:\/\/www.amazon.de\/Berlin-Gothic-Nachts-bei-ebook\/dp\/B0075OUFSG\/\">amazon<\/a> \u2013 <a href=\"https:\/\/jonaswinner.com\/?page_id=1591\">Infos<\/a> \u2013 <a href=\"http:\/\/www.facebook.com\/pages\/Jonas-Winner\/140189889411066\">Facebook<\/a><\/p>\n<p><a href=\"https:\/\/jonaswinner.com\/?page_id=1719\">Berlin Gothic 6: \u201cDie versteckte Bedeutung\u201d<\/a>: <a href=\"http:\/\/www.amazon.de\/Berlin-Gothic-versteckte-Bedeutung-ebook\/dp\/B007NLSIQ2\/\">amazon<\/a> \u2013 <a href=\"https:\/\/jonaswinner.com\/?page_id=1719\">Infos<\/a> \u2013 <a href=\"http:\/\/www.facebook.com\/pages\/Jonas-Winner\/140189889411066\">Fcbook<\/a><\/p>\n<p><em> <\/em><\/p>\n<p><a href=\"https:\/\/jonaswinner.com\/?page_id=1856\">Berlin Gothic 7:\u00a0 \u201cGottmaschine\u201d (Abschluss)<\/a>: <a href=\"http:\/\/www.amazon.de\/Berlin-Gothic-Gottmaschine-Thriller-ebook\/dp\/B008CPX4VC\/\">amazon<\/a> \u2013 <a href=\"https:\/\/jonaswinner.com\/?page_id=1856\">Infos<\/a> \u2013 <a href=\"http:\/\/www.facebook.com\/pages\/Jonas-Winner\/140189889411066\">Fcbook<\/a><\/p>\n","protected":false},"excerpt":{"rendered":"<p>amazon Facebook weitere shops Inhalt Till Ansch\u00fctz hat begonnen, im Unternehmen von Felix von Quitzow zu arbeiten &#8211; ausgerechnet bei dem Mann, mit dem Lisa Bentheim zusammenwohnt &#8230; Lisa steht vor der Entscheidung ihres Lebens. Soll sie Felix\u2018 Wunsch erf\u00fcllen und eine Familie mit ihm gr\u00fcnden? Oder ihrem Herzen folgen und ihn f\u00fcr Till verlassen? [&hellip;]<\/p>\n","protected":false},"author":1,"featured_media":0,"parent":0,"menu_order":0,"comment_status":"open","ping_status":"open","template":"","meta":{"footnotes":""},"_links":{"self":[{"href":"https:\/\/jonaswinner.com\/index.php?rest_route=\/wp\/v2\/pages\/1719"}],"collection":[{"href":"https:\/\/jonaswinner.com\/index.php?rest_route=\/wp\/v2\/pages"}],"about":[{"href":"https:\/\/jonaswinner.com\/index.php?rest_route=\/wp\/v2\/types\/page"}],"author":[{"embeddable":true,"href":"https:\/\/jonaswinner.com\/index.php?rest_route=\/wp\/v2\/users\/1"}],"replies":[{"embeddable":true,"href":"https:\/\/jonaswinner.com\/index.php?rest_route=%2Fwp%2Fv2%2Fcomments&post=1719"}],"version-history":[{"count":13,"href":"https:\/\/jonaswinner.com\/index.php?rest_route=\/wp\/v2\/pages\/1719\/revisions"}],"predecessor-version":[{"id":1728,"href":"https:\/\/jonaswinner.com\/index.php?rest_route=\/wp\/v2\/pages\/1719\/revisions\/1728"}],"wp:attachment":[{"href":"https:\/\/jonaswinner.com\/index.php?rest_route=%2Fwp%2Fv2%2Fmedia&parent=1719"}],"curies":[{"name":"wp","href":"https:\/\/api.w.org\/{rel}","templated":true}]}}