{"id":1367,"date":"2011-11-01T15:09:21","date_gmt":"2011-11-01T14:09:21","guid":{"rendered":"http:\/\/jonaswinner.com\/?page_id=1367"},"modified":"2012-06-20T14:43:37","modified_gmt":"2012-06-20T13:43:37","slug":"berlin-gothic-3-xavers-ende","status":"publish","type":"page","link":"https:\/\/jonaswinner.com\/?page_id=1367","title":{"rendered":"Berlin Gothic 3: &#8222;Xavers Ende&#8220;"},"content":{"rendered":"<p><a href=\"https:\/\/jonaswinner.com\/wp-content\/uploads\/2011\/11\/BG3_master_klein1.jpg\"><\/a><a href=\"https:\/\/jonaswinner.com\/wp-content\/uploads\/2011\/09\/BG3_master.jpg\"><img loading=\"lazy\" decoding=\"async\" class=\"alignleft size-full wp-image-1415\" title=\"BG3_master_klein_WP\" src=\"https:\/\/jonaswinner.com\/wp-content\/uploads\/2011\/11\/BG3_master_klein_WP.jpg\" alt=\"\" width=\"200\" height=\"255\" \/><\/a><a href=\"http:\/\/www.amazon.de\/Berlin-Gothic-Xavers-Thriller-ebook\/dp\/B00624EYC8\/\">amazon<\/a><\/p>\n<p><a href=\"http:\/\/www.facebook.com\/pages\/Jonas-Winner\/140189889411066\">Facebook<\/a><\/p>\n<p><a href=\"http:\/\/itunes.apple.com\/de\/book\/berlin-gothic-3-xavers-ende\/id480752859?mt=11\">itunes<\/a> \/ <a href=\"https:\/\/jonaswinner.com\/?page_id=1033#unique-identifier1\">weitere shops<\/a><\/p>\n<p><a href=\"http:\/\/www.amazon.de\/Berlin-Gothic-Xavers-Thriller-ebook\/dp\/B00624EYC8\/#reader_B00624EYC8\">Leseprobe<\/a><\/p>\n<p><span style=\"text-decoration: underline;\">Inhalt:<\/span><\/p>\n<p>Eine Mordserie ersch\u00fcttert Berlin.<br \/>\nDer dritte Band des siebenteiligen Thrillers.<\/p>\n<p>Drei Wochen &#8230; drei Tage &#8230; drei Stunden?<br \/>\nKonstantin Butz beugt sich \u00fcber die Leiche. Absch\u00fcrfungen an den H\u00e4nden, Bodymodifikationen und ein Tatort im Untergrund. Es ist der dritte Mord der Serie und die Abst\u00e4nde werden k\u00fcrzer!<br \/>\nGleichzeitig am anderen Ende der Stadt: &#8222;No please &#8211; no photo.&#8220; Beinahe scheu h\u00e4lt die Japanerin die Decke um sich geschlungen. Darunter verh\u00fcllt nichts als eine hauchd\u00fcnne Klarsichtfolie ihren Leib.<br \/>\n&#8222;Darf ich Ihnen die Kette einmal umlegen? Ja? Gro\u00dfartig! Sie werden sehen &#8211; die Farbe steht Ihnen!&#8220; Seine Hand zittert, als er ihren Hals ber\u00fchrt.<\/p>\n<p>Was ist es, das in den Stra\u00dfen, Ecken und Winkeln Berlins zu lauern scheint fast wie ein Fluch?<br \/>\n&#8222;Er hat dich aufgenommen &#8211; und du?&#8220; Fassungslos starrt Max Till an. Die Wut seines Freundes nimmt Till fast den Atem.<br \/>\n&#8222;Aber&#8220;, er ringt nach Luft, &#8222;du hast es doch selbst gesagt! Dein Vater ist nicht mehr er selbst!&#8220;<\/p>\n<p>Berlin Gothic &#8211; ein Thriller \u00fcber Gefahr und Verlockung, Vertrauen und T\u00e4uschung.<\/p>\n<p><em>Eine Originalausgabe der Berlin Gothic Media &#8211; November 2011<br \/>\n<\/em><\/p>\n<p>Berlin Gothic 3<\/p>\n<p><strong>ISBN 978-3-943542-05-9 (mobi\/kindle)<\/strong><\/p>\n<p><strong>ISBN 978-3-943542-06-6 (ePUB)<\/strong><\/p>\n<p><span style=\"color: #ffffff;\">*<\/span><\/p>\n<p><strong><a href=\"https:\/\/jonaswinner.com\/wp-content\/uploads\/2011\/09\/BG1-7_gro%C3%9F.jpg\"><img loading=\"lazy\" decoding=\"async\" title=\"BG1-7_gro\u00df\" src=\"https:\/\/jonaswinner.com\/wp-content\/uploads\/2011\/09\/BG1-7_gro%C3%9F.jpg\" alt=\"\" width=\"449\" height=\"91\" \/><\/a><br \/>\n<\/strong><\/p>\n<p><a href=\"https:\/\/jonaswinner.com\/?page_id=1033\"><strong>Berlin Gothic \u2013 ein Thriller in sieben B\u00e4nden<\/strong><\/a><\/p>\n<p><a href=\"https:\/\/jonaswinner.com\/?page_id=1080\">Berlin Gothic 1: \u201cBerlin Gothic\u201d<\/a>: <a href=\"http:\/\/www.amazon.de\/Berlin-Gothic-Thriller-ebook\/dp\/B005JJDUJ0\/ref=sr_1_5?s=books&amp;ie=UTF8&amp;qid=1314601665&amp;sr=1-5\">amazon<\/a> \u2013 <a href=\"https:\/\/jonaswinner.com\/?page_id=1080\">Infos<\/a> \u2013 <a href=\"http:\/\/de-de.facebook.com\/pages\/Berlin-Gothic\/162059733872913\">Facebook<\/a><\/p>\n<p><a href=\"https:\/\/jonaswinner.com\/?page_id=1093\">Berlin Gothic 2: \u201cDie versteckte Stadt\u201d<\/a>: <a href=\"http:\/\/www.amazon.de\/Die-versteckte-Stadt-Thriller-ebook\/dp\/B005OVCVZW\/\">amazon<\/a> \u2013 <a href=\"https:\/\/jonaswinner.com\/?page_id=1093\">Infos<\/a> \u2013 <a href=\"http:\/\/www.facebook.com\/pages\/Jonas-Winner\/140189889411066\">Facebook<\/a><\/p>\n<p><a href=\"https:\/\/jonaswinner.com\/?page_id=1367\">Berlin Gothic 3: \u201cXavers Ende\u201d<\/a>: <a href=\"http:\/\/www.amazon.de\/Berlin-Gothic-Xavers-Thriller-ebook\/dp\/B00624EYC8\/\">amazon<\/a> \u2013 <a href=\"https:\/\/jonaswinner.com\/?page_id=1367\">Infos<\/a> \u2013 <a href=\"http:\/\/www.facebook.com\/pages\/Jonas-Winner\/140189889411066\">Facebook<\/a><em><br \/>\n<\/em><\/p>\n<p><a href=\"https:\/\/jonaswinner.com\/?page_id=1531\">Berlin Gothic 4: \u201cDer versteckte Wille\u201d<\/a>: <a href=\"http:\/\/www.amazon.de\/Berlin-Gothic-versteckte-Thriller-ebook\/dp\/B006NZEC8C\">amazon<\/a> \u2013 <a href=\"https:\/\/jonaswinner.com\/?page_id=1531\">Infos<\/a> \u2013 <a href=\"http:\/\/www.facebook.com\/pages\/Jonas-Winner\/140189889411066\">Facebook<\/a><\/p>\n<p><a href=\"https:\/\/jonaswinner.com\/?page_id=1591\">Berlin Gothic 5: \u201cNachts bei Max\u201d<em> <\/em><\/a>: <a href=\"http:\/\/www.amazon.de\/Berlin-Gothic-Nachts-bei-ebook\/dp\/B0075OUFSG\/\">amazon<\/a> \u2013 <a href=\"https:\/\/jonaswinner.com\/?page_id=1591\">Infos<\/a> \u2013 <a href=\"http:\/\/www.facebook.com\/pages\/Jonas-Winner\/140189889411066\">Facebook<\/a><\/p>\n<p><a href=\"https:\/\/jonaswinner.com\/?page_id=1719\">Berlin Gothic 6: \u201cDie versteckte Bedeutung\u201d<\/a>: <a href=\"http:\/\/www.amazon.de\/Berlin-Gothic-versteckte-Bedeutung-ebook\/dp\/B007NLSIQ2\/\">amazon<\/a> \u2013 <a href=\"https:\/\/jonaswinner.com\/?page_id=1719\">Infos<\/a> \u2013 <a href=\"http:\/\/www.facebook.com\/pages\/Jonas-Winner\/140189889411066\">Fcbook<\/a><\/p>\n<p><em> <\/em><\/p>\n<p><a href=\"https:\/\/jonaswinner.com\/?page_id=1856\">Berlin Gothic 7:\u00a0 \u201cGottmaschine\u201d (Abschluss)<\/a>: <a href=\"http:\/\/www.amazon.de\/Berlin-Gothic-Gottmaschine-Thriller-ebook\/dp\/B008CPX4VC\/\">amazon<\/a> \u2013 <a href=\"https:\/\/jonaswinner.com\/?page_id=1856\">Infos<\/a> \u2013 <a href=\"http:\/\/www.facebook.com\/pages\/Jonas-Winner\/140189889411066\">Fcbook<\/a><\/p>\n","protected":false},"excerpt":{"rendered":"<p>amazon Facebook itunes \/ weitere shops Leseprobe Inhalt: Eine Mordserie ersch\u00fcttert Berlin. Der dritte Band des siebenteiligen Thrillers. Drei Wochen &#8230; drei Tage &#8230; drei Stunden? Konstantin Butz beugt sich \u00fcber die Leiche. Absch\u00fcrfungen an den H\u00e4nden, Bodymodifikationen und ein Tatort im Untergrund. Es ist der dritte Mord der Serie und die Abst\u00e4nde werden k\u00fcrzer! [&hellip;]<\/p>\n","protected":false},"author":1,"featured_media":0,"parent":0,"menu_order":0,"comment_status":"open","ping_status":"open","template":"","meta":{"footnotes":""},"_links":{"self":[{"href":"https:\/\/jonaswinner.com\/index.php?rest_route=\/wp\/v2\/pages\/1367"}],"collection":[{"href":"https:\/\/jonaswinner.com\/index.php?rest_route=\/wp\/v2\/pages"}],"about":[{"href":"https:\/\/jonaswinner.com\/index.php?rest_route=\/wp\/v2\/types\/page"}],"author":[{"embeddable":true,"href":"https:\/\/jonaswinner.com\/index.php?rest_route=\/wp\/v2\/users\/1"}],"replies":[{"embeddable":true,"href":"https:\/\/jonaswinner.com\/index.php?rest_route=%2Fwp%2Fv2%2Fcomments&post=1367"}],"version-history":[{"count":29,"href":"https:\/\/jonaswinner.com\/index.php?rest_route=\/wp\/v2\/pages\/1367\/revisions"}],"predecessor-version":[{"id":1928,"href":"https:\/\/jonaswinner.com\/index.php?rest_route=\/wp\/v2\/pages\/1367\/revisions\/1928"}],"wp:attachment":[{"href":"https:\/\/jonaswinner.com\/index.php?rest_route=%2Fwp%2Fv2%2Fmedia&parent=1367"}],"curies":[{"name":"wp","href":"https:\/\/api.w.org\/{rel}","templated":true}]}}