{"id":135,"date":"2010-11-12T17:29:52","date_gmt":"2010-11-12T16:29:52","guid":{"rendered":"http:\/\/jonaswinner.com\/?page_id=135"},"modified":"2018-05-24T11:45:08","modified_gmt":"2018-05-24T09:45:08","slug":"impressum","status":"publish","type":"page","link":"https:\/\/jonaswinner.com\/?page_id=135","title":{"rendered":"Impressum"},"content":{"rendered":"<p><span style=\"color: #c4c2c2;\">Datenschutzerkl\u00e4rung<\/span><\/p>\n<p><span style=\"color: #c4c2c2;\">Verantwortliche Stelle im Sinne der Datenschutzgesetze, insbesondere der EU-Datenschutzgrundverordnung (DSGVO), ist:<\/span><\/p>\n<p><span style=\"color: #c4c2c2;\">Dr. Jonas Winner<\/span><br \/>\n<span style=\"color: #c4c2c2;\">c\/o Agentur Eggers e.K.<\/span><br \/>\n<span style=\"color: #c4c2c2;\">Friedrichstra\u00dfe 133<\/span><br \/>\n<span style=\"color: #c4c2c2;\">D 10117 Berlin<\/span><br \/>\n<span style=\"color: #c4c2c2;\">jonas@jonaswinner.com<\/span><\/p>\n<p><span style=\"color: #c4c2c2;\">Ihre Betroffenenrechte<\/span><\/p>\n<p><span style=\"color: #c4c2c2;\">Unter den angegebenen Kontaktdaten k\u00f6nnen Sie jederzeit folgende Rechte aus\u00fcben:<\/span><\/p>\n<p><span style=\"color: #c4c2c2;\">Auskunft \u00fcber Ihre bei uns gespeicherten Daten und deren Verarbeitung,<\/span><br \/>\n<span style=\"color: #c4c2c2;\"> Berichtigung unrichtiger personenbezogener Daten,<\/span><br \/>\n<span style=\"color: #c4c2c2;\"> L\u00f6schung Ihrer bei uns gespeicherten Daten,<\/span><br \/>\n<span style=\"color: #c4c2c2;\"> Einschr\u00e4nkung der Datenverarbeitung, sofern wir Ihre Daten aufgrund gesetzlicher Pflichten noch nicht l\u00f6schen d\u00fcrfen,<\/span><br \/>\n<span style=\"color: #c4c2c2;\"> Widerspruch gegen die Verarbeitung Ihrer Daten bei uns und<\/span><br \/>\n<span style=\"color: #c4c2c2;\"> Daten\u00fcbertragbarkeit, sofern Sie in die Datenverarbeitung eingewilligt haben oder einen Vertrag mit uns abgeschlossen haben.<\/span><\/p>\n<p><span style=\"color: #c4c2c2;\">Sofern Sie uns eine Einwilligung erteilt haben, k\u00f6nnen Sie diese jederzeit mit Wirkung f\u00fcr die Zukunft widerrufen.<\/span><\/p>\n<p><span style=\"color: #c4c2c2;\">Sie k\u00f6nnen sich jederzeit mit einer Beschwerde an die f\u00fcr Sie zust\u00e4ndige Aufsichtsbeh\u00f6rde wenden. Ihre zust\u00e4ndige Aufsichtsbeh\u00f6rde richtet sich nach dem Bundesland Ihres Wohnsitzes, Ihrer Arbeit oder der mutma\u00dflichen Verletzung. Eine Liste der Aufsichtsbeh\u00f6rden (f\u00fcr den nicht\u00f6ffentlichen Bereich) mit Anschrift finden Sie unter: https:\/\/www.bfdi.bund.de\/DE\/Infothek\/Anschriften_Links\/anschriften_links-node.html.<\/span><br \/>\n<span style=\"color: #c4c2c2;\">Zwecke der Datenverarbeitung durch die verantwortliche Stelle und Dritte<\/span><\/p>\n<p><span style=\"color: #c4c2c2;\">Wir verarbeiten Ihre personenbezogenen Daten nur zu den in dieser Datenschutzerkl\u00e4rung genannten Zwecken. Eine \u00dcbermittlung Ihrer pers\u00f6nlichen Daten an Dritte zu anderen als den genannten Zwecken findet nicht statt. Wir geben Ihre pers\u00f6nlichen Daten nur an Dritte weiter, wenn:<\/span><\/p>\n<p><span style=\"color: #c4c2c2;\">Sie Ihre ausdr\u00fcckliche Einwilligung dazu erteilt haben,<\/span><br \/>\n<span style=\"color: #c4c2c2;\"> die Verarbeitung zur Abwicklung eines Vertrags mit Ihnen erforderlich ist,<\/span><br \/>\n<span style=\"color: #c4c2c2;\"> die Verarbeitung zur Erf\u00fcllung einer rechtlichen Verpflichtung erforderlich ist,<\/span><\/p>\n<p><span style=\"color: #c4c2c2;\">die Verarbeitung zur Wahrung berechtigter Interessen erforderlich ist und kein Grund zur Annahme besteht, dass Sie ein \u00fcberwiegendes schutzw\u00fcrdiges Interesse an der Nichtweitergabe Ihrer Daten haben.<\/span><br \/>\n<span style=\"color: #c4c2c2;\">Kommentarfunktion<\/span><\/p>\n<p><span style=\"color: #c4c2c2;\">Wenn Nutzer Kommentare auf unserer Website hinterlassen, werden neben diesen Angaben auch der Zeitpunkt ihrer Erstellung und der zuvor durch den Websitebesucher gew\u00e4hlte Nutzername gespeichert. Dies dient unserer Sicherheit, da wir f\u00fcr widerrechtliche Inhalte auf unserer Webseite belangt werden k\u00f6nnen, auch wenn diese durch Benutzer erstellt wurden.<\/span><br \/>\n<span style=\"color: #c4c2c2;\">Newsletter<\/span><\/p>\n<p><span style=\"color: #c4c2c2;\">Auf Grundlage Ihrer ausdr\u00fccklich erteilten Einwilligung, \u00fcbersenden wir Ihnen regelm\u00e4\u00dfig unseren Newsletter bzw. vergleichbare Informationen per E-Mail an Ihre angegebene E-Mail-Adresse.<\/span><\/p>\n<p><span style=\"color: #c4c2c2;\">F\u00fcr den Empfang des Newsletters ist die Angabe Ihrer E-Mail-Adresse ausreichend. Bei der Anmeldung zum Bezug unseres Newsletters werden die von Ihnen angegebenen Daten ausschlie\u00dflich f\u00fcr diesen Zweck verwendet. Abonnenten k\u00f6nnen auch \u00fcber Umst\u00e4nde per E-Mail informiert werden, die f\u00fcr den Dienst oder die Registrierung relevant sind (Beispielsweise \u00c4nderungen des Newsletterangebots oder technische Gegebenheiten).<\/span><\/p>\n<p><span style=\"color: #c4c2c2;\">F\u00fcr eine wirksame Registrierung ben\u00f6tigen wir eine valide E-Mail-Adresse. Um zu \u00fcberpr\u00fcfen, dass eine Anmeldung tats\u00e4chlich durch den Inhaber einer E-Mail-Adresse erfolgt, setzen wir das \u201eDouble-opt-in\u201c-Verfahren ein. Hierzu protokollieren wir die Bestellung des Newsletters, den Versand einer Best\u00e4tigungsmail und den Eingang der hiermit angeforderten Antwort. Weitere Daten werden nicht erhoben. Die Daten werden ausschlie\u00dflich f\u00fcr den Newsletterversand verwendet und nicht an Dritte weitergegeben.<\/span><\/p>\n<p><span style=\"color: #c4c2c2;\">Die Einwilligung zur Speicherung Ihrer pers\u00f6nlichen Daten und ihrer Nutzung f\u00fcr den Newsletterversand k\u00f6nnen Sie jederzeit widerrufen. In jedem Newsletter findet sich dazu ein entsprechender Link. Au\u00dferdem k\u00f6nnen Sie sich jederzeit auch direkt auf dieser Webseite abmelden oder uns Ihren entsprechenden Wunsch \u00fcber die am Ende dieser Datenschutzhinweise angegebene Kontaktm\u00f6glichkeit mitteilen.<\/span><br \/>\n<span style=\"color: #c4c2c2;\">Kontaktformular<\/span><\/p>\n<p><span style=\"color: #c4c2c2;\">Treten Sie bzgl. Fragen jeglicher Art per E-Mail oder Kontaktformular mit uns in Kontakt, erteilen Sie uns zum Zwecke der Kontaktaufnahme Ihre freiwillige Einwilligung. Hierf\u00fcr ist die Angabe einer validen E-Mail-Adresse erforderlich. Diese dient der Zuordnung der Anfrage und der anschlie\u00dfenden Beantwortung derselben. Die Angabe weiterer Daten ist optional. Die von Ihnen gemachten Angaben werden zum Zwecke der Bearbeitung der Anfrage sowie f\u00fcr m\u00f6gliche Anschlussfragen gespeichert. Nach Erledigung der von Ihnen gestellten Anfrage werden personenbezogene Daten automatisch gel\u00f6scht.<\/span><br \/>\n<span style=\"color: #c4c2c2;\">Eingebettete YouTube-Videos<\/span><\/p>\n<p><span style=\"color: #c4c2c2;\">Auf einigen unserer Webseiten betten wir Youtube-Videos ein. Betreiber der entsprechenden Plugins ist die YouTube, LLC, 901 Cherry Ave., San Bruno, CA 94066, USA. Wenn Sie eine Seite mit dem YouTube-Plugin besuchen, wird eine Verbindung zu Servern von Youtube hergestellt. Dabei wird Youtube mitgeteilt, welche Seiten Sie besuchen. Wenn Sie in Ihrem Youtube-Account eingeloggt sind, kann Youtube Ihr Surfverhalten Ihnen pers\u00f6nlich zuzuordnen. Dies verhindern Sie, indem Sie sich vorher aus Ihrem Youtube-Account ausloggen.<\/span><\/p>\n<p><span style=\"color: #c4c2c2;\">Wird ein Youtube-Video gestartet, setzt der Anbieter Cookies ein, die Hinweise \u00fcber das Nutzerverhalten sammeln.<\/span><\/p>\n<p><span style=\"color: #c4c2c2;\">Wer das Speichern von Cookies f\u00fcr das Google-Ad-Programm deaktiviert hat, wird auch beim Anschauen von Youtube-Videos mit keinen solchen Cookies rechnen m\u00fcssen. Youtube legt aber auch in anderen Cookies nicht-personenbezogene Nutzungsinformationen ab. M\u00f6chten Sie dies verhindern, so m\u00fcssen Sie das Speichern von Cookies im Browser blockieren.<\/span><\/p>\n<p><span style=\"color: #c4c2c2;\">Weitere Informationen zum Datenschutz bei \u201eYoutube\u201c finden Sie in der Datenschutzerkl\u00e4rung des Anbieters unter: https:\/\/www.google.de\/intl\/de\/policies\/privacy\/<\/span><br \/>\n<span style=\"color: #c4c2c2;\">Social Plugins<\/span><\/p>\n<p><span style=\"color: #c4c2c2;\">Auf unseren Webseiten werden Social Plugins der unten aufgef\u00fchrten Anbieter eingesetzt. Die Plugins k\u00f6nnen Sie daran erkennen, dass sie mit dem entsprechenden Logo gekennzeichnet sind.<\/span><\/p>\n<p><span style=\"color: #c4c2c2;\">\u00dcber diese Plugins werden unter Umst\u00e4nden Informationen, zu denen auch personenbezogene Daten geh\u00f6ren k\u00f6nnen, an den Dienstebetreiber gesendet und ggf. von diesem genutzt. Wir erfassen selbst keine personenbezogenen Daten mittels der Social Plugins oder \u00fcber deren Nutzung.<\/span><\/p>\n<p><span style=\"color: #c4c2c2;\">Wir haben keinen Einfluss darauf, welche Daten ein aktiviertes Plugin erfasst und wie diese durch den Anbieter verwendet werden. Derzeit muss davon ausgegangen werden, dass eine direkte Verbindung zu den Diensten des Anbieters ausgebaut wird sowie mindestens die IP-Adresse und ger\u00e4tebezogene Informationen erfasst und genutzt werden. Ebenfalls besteht die M\u00f6glichkeit, dass die Diensteanbieter versuchen, Cookies auf dem verwendeten Rechner zu speichern. Welche konkreten Daten hierbei erfasst und wie diese genutzt werden, entnehmen Sie bitte den Datenschutzhinweisen des jeweiligen Diensteanbieters. Hinweis: Falls Sie zeitgleich bei Facebook angemeldet sind, kann Facebook Sie als Besucher einer bestimmten Seite identifizieren.<\/span><\/p>\n<p><span style=\"color: #c4c2c2;\">Wir haben auf unserer Website Social-Media-Buttons folgender Unternehmen eingebunden: Twitter, Facebook, Instagram<\/span><br \/>\n<span style=\"color: #c4c2c2;\">\u00c4nderung unserer Datenschutzbestimmungen<\/span><\/p>\n<p><span style=\"color: #c4c2c2;\">Wir behalten uns vor, diese Datenschutzerkl\u00e4rung anzupassen, damit sie stets den aktuellen rechtlichen Anforderungen entspricht oder um \u00c4nderungen unserer Leistungen in der Datenschutzerkl\u00e4rung umzusetzen, z.B. bei der Einf\u00fchrung neuer Services. F\u00fcr Ihren erneuten Besuch gilt dann die neue Datenschutzerkl\u00e4rung.<\/span><br \/>\n<span style=\"color: #c4c2c2;\">Fragen an den Datenschutzbeauftragten<\/span><\/p>\n<p><span style=\"color: #c4c2c2;\">Die Datenschutzerkl\u00e4rung wurde mit dem Datenschutzerkl\u00e4rungs-Generator der activeMind AG erstellt.<\/span><\/p>\n<p><span style=\"color: #c4c2c2;\">+++++<\/span><\/p>\n<p><span style=\"color: #c4c2c2;\">Herausgeber:<\/span><\/p>\n<p><span style=\"color: #c4c2c2;\">Dr. Jonas Winner<\/span><br \/>\n<span style=\"color: #c4c2c2;\"> E-Mail: info@jonaswinner.de<\/span><\/p>\n<p><span style=\"color: #c4c2c2;\">Inhaltlich Verantwortlicher gem\u00e4\u00df \u00a7 6 MDStV: Dr. Jonas Winner<\/span><\/p>\n<p><span style=\"color: #c4c2c2;\">Haftungsausschluss:<\/span><\/p>\n<p><span style=\"color: #c4c2c2;\">Der Autor \u00fcbernimmt keine Gew\u00e4hr f\u00fcr die Richtigkeit, Vollst\u00e4ndigkeit und Aktualit\u00e4t der auf dieser Website angebotenen Informationen. In keinem Fall wird f\u00fcr Sch\u00e4den, die sich aus der Nutzung oder Nichtnutzung dieser Website ergeben, eine Haftung \u00fcbernommen. F\u00fcr alle auf dieser Website angebotenen externen Links, die auf fremde Websites zeigen, auf denen Inhalte angeboten werden, die von Dritten zu verantworten sind, wird keine wie auch immer geartete Haftung bez\u00fcglich der Inhalte \u00fcbernommen. Der Autor erkl\u00e4rt hiermit, keinerlei Einfluss auf die aktuelle und zuk\u00fcnftige Gestaltung, die Inhalte oder die Urheberschaft der verlinkten Seiten zu haben, distanziert sich hiermit ausdr\u00fccklich von s\u00e4mtlichen Inhalten aller auf dieser Website verlinkten Seiten, die nach der Linksetzung ver\u00e4ndert wurden und macht sich diese Inhalte in keinem Fall zu Eigen. Urheberrechte: Alle Inhalte und Strukturen dieser Website sind urheberrechtlich gesch\u00fctzt. Informationen oder Daten (Text-, Bild-, Graphik-, Foto-, Ton- oder Videodateien) dieser Website d\u00fcrfen ohne vorherige schriftliche Zustimmung weder in irgendeiner Form verwendet, noch reproduziert werden.<\/span><\/p>\n<p><span style=\"color: #c4c2c2;\">Datenschutz:<\/span><\/p>\n<p><span style=\"color: #c4c2c2;\">\u00dcber diese Website werden keinerlei personenbezogene Daten (z.B. Namen, Anschriften oder E-Mail-Adressen) erfasst, es sei denn, Sie werden freiwillig zur Verf\u00fcgung gestellt. Die von Ihnen zur Verf\u00fcgung gestellten personenbezogenen Daten werden nur f\u00fcr die Ihnen mitgeteilten Zwecke verwendet. Diese Daten werden nicht an Dritte weitergeben. Ihnen steht es frei, einer bereits erteilten Einwilligung in die Verarbeitung Ihrer personenbezogenen Daten zu widersprechen.<\/span><\/p>\n","protected":false},"excerpt":{"rendered":"<p>Datenschutzerkl\u00e4rung Verantwortliche Stelle im Sinne der Datenschutzgesetze, insbesondere der EU-Datenschutzgrundverordnung (DSGVO), ist: Dr. Jonas Winner c\/o Agentur Eggers e.K. Friedrichstra\u00dfe 133 D 10117 Berlin jonas@jonaswinner.com Ihre Betroffenenrechte Unter den angegebenen Kontaktdaten k\u00f6nnen Sie jederzeit folgende Rechte aus\u00fcben: Auskunft \u00fcber Ihre bei uns gespeicherten Daten und deren Verarbeitung, Berichtigung unrichtiger personenbezogener Daten, L\u00f6schung Ihrer bei uns [&hellip;]<\/p>\n","protected":false},"author":1,"featured_media":0,"parent":0,"menu_order":0,"comment_status":"open","ping_status":"open","template":"","meta":{"footnotes":""},"_links":{"self":[{"href":"https:\/\/jonaswinner.com\/index.php?rest_route=\/wp\/v2\/pages\/135"}],"collection":[{"href":"https:\/\/jonaswinner.com\/index.php?rest_route=\/wp\/v2\/pages"}],"about":[{"href":"https:\/\/jonaswinner.com\/index.php?rest_route=\/wp\/v2\/types\/page"}],"author":[{"embeddable":true,"href":"https:\/\/jonaswinner.com\/index.php?rest_route=\/wp\/v2\/users\/1"}],"replies":[{"embeddable":true,"href":"https:\/\/jonaswinner.com\/index.php?rest_route=%2Fwp%2Fv2%2Fcomments&post=135"}],"version-history":[{"count":9,"href":"https:\/\/jonaswinner.com\/index.php?rest_route=\/wp\/v2\/pages\/135\/revisions"}],"predecessor-version":[{"id":4906,"href":"https:\/\/jonaswinner.com\/index.php?rest_route=\/wp\/v2\/pages\/135\/revisions\/4906"}],"wp:attachment":[{"href":"https:\/\/jonaswinner.com\/index.php?rest_route=%2Fwp%2Fv2%2Fmedia&parent=135"}],"curies":[{"name":"wp","href":"https:\/\/api.w.org\/{rel}","templated":true}]}}