{"id":1093,"date":"2011-09-23T16:21:31","date_gmt":"2011-09-23T15:21:31","guid":{"rendered":"http:\/\/jonaswinner.com\/?page_id=1093"},"modified":"2012-06-20T14:43:02","modified_gmt":"2012-06-20T13:43:02","slug":"berlin-gothic-2-die-versteckte-stadt","status":"publish","type":"page","link":"https:\/\/jonaswinner.com\/?page_id=1093","title":{"rendered":"Berlin Gothic 2: &#8222;Die versteckte Stadt&#8220;"},"content":{"rendered":"<p><a href=\"https:\/\/jonaswinner.com\/wp-content\/uploads\/2011\/09\/BG2_master2.jpg\"><img loading=\"lazy\" decoding=\"async\" class=\"alignleft size-full wp-image-1095\" title=\"BG2_master\" src=\"https:\/\/jonaswinner.com\/wp-content\/uploads\/2011\/09\/BG2_master2.jpg\" alt=\"\" width=\"177\" height=\"225\" srcset=\"https:\/\/jonaswinner.com\/wp-content\/uploads\/2011\/09\/BG2_master2.jpg 614w, https:\/\/jonaswinner.com\/wp-content\/uploads\/2011\/09\/BG2_master2-235x300.jpg 235w\" sizes=\"(max-width: 177px) 100vw, 177px\" \/><\/a><a href=\"http:\/\/www.amazon.de\/Die-versteckte-Stadt-Thriller-ebook\/dp\/B005OVCVZW\/\">amazon<\/a><\/p>\n<p><a href=\"http:\/\/www.facebook.com\/pages\/Jonas-Winner\/140189889411066\">Facebook<\/a><\/p>\n<p><a href=\"http:\/\/www.lovelybooks.de\/autor\/Jonas-Winner\/Die-versteckte-Stadt-Thriller-Berlin-Gothic-2-759170043-w\/\">LovelyBooks<\/a><\/p>\n<p><a href=\"http:\/\/itunes.apple.com\/de\/book\/berlin-gothic-2-die-versteckte\/id480752351?mt=11\">itunes<\/a> \/ <a href=\"https:\/\/jonaswinner.com\/?page_id=1033#unique-identifier1\">weitere shops<\/a><\/p>\n<p><a href=\"http:\/\/www.amazon.de\/Die-versteckte-Stadt-Thriller-ebook\/dp\/B005OVCVZW\/#reader_B005OVCVZW\">Leseprobe<\/a><\/p>\n<p><span style=\"text-decoration: underline;\">Inhalt<\/span><\/p>\n<p>Eine Mordserie ersch\u00fcttert Berlin.<br \/>\nDer zweite Band des siebenteiligen Thrillers.<\/p>\n<p>Till  Ansch\u00fctz hat es geschafft, er darf im Haus der Bentheims bleiben. Aber  unter der gl\u00e4nzenden Oberfl\u00e4che der Villa schlummert ein dunkles  Geheimnis. Und je mehr Till zu einem Teil der Familie wird, desto tiefer  wird er in ihre Machenschaften verstrickt.<\/p>\n<p>&#8222;Berlin Gothic&#8220; &#8211; ein Thriller \u00fcber Gefahr und Verlockung, Vertrauen und T\u00e4uschung.<\/p>\n<p>Claire  Bentheim hat sich verliebt. Doch sie darf ihre Liebe nicht leben, denn  das w\u00fcrde den Mann, den sie liebt, in Gefahr bringen. Sie muss so tun,  als ob nichts w\u00e4re, und ger\u00e4t in einen schweren Konflikt.<br \/>\nKonstantin  Butz treibt seine Ermittlungen derweil unter Hochdruck voran &#8211; seine  erste Spur f\u00fchrt ihn zu den Freunden des Opfers &#8230; aber im Verborgenen  wird bereits eine weitere Frau zu Tode gehetzt &#8230;<\/p>\n<p><em>Eine Originalausgabe der Berlin Gothic Media &#8211; September 2011<br \/>\n<\/em><\/p>\n<p>Berlin Gothic 2<\/p>\n<p><strong>ISBN 978-3-943542-03-5 (mobi\/kindle)<\/strong><\/p>\n<p><strong>ISBN 978-3-943542-04-2 (ePUB)<\/strong><\/p>\n<p><span style=\"color: #ffffff;\">*<\/span><\/p>\n<p><strong><a href=\"https:\/\/jonaswinner.com\/wp-content\/uploads\/2011\/09\/BG1-7_gro%C3%9F.jpg\"><img loading=\"lazy\" decoding=\"async\" title=\"BG1-7_gro\u00df\" src=\"https:\/\/jonaswinner.com\/wp-content\/uploads\/2011\/09\/BG1-7_gro%C3%9F.jpg\" alt=\"\" width=\"449\" height=\"91\" \/><\/a><br \/>\n<\/strong><\/p>\n<p><a href=\"https:\/\/jonaswinner.com\/?page_id=1033\"><strong>Berlin Gothic \u2013 ein Thriller in sieben B\u00e4nden<\/strong><\/a><\/p>\n<p><a href=\"https:\/\/jonaswinner.com\/?page_id=1080\">Berlin Gothic 1: \u201cBerlin Gothic\u201d<\/a>: <a href=\"http:\/\/www.amazon.de\/Berlin-Gothic-Thriller-ebook\/dp\/B005JJDUJ0\/ref=sr_1_5?s=books&amp;ie=UTF8&amp;qid=1314601665&amp;sr=1-5\">amazon<\/a> \u2013 <a href=\"https:\/\/jonaswinner.com\/?page_id=1080\">Infos<\/a> \u2013 <a href=\"http:\/\/de-de.facebook.com\/pages\/Berlin-Gothic\/162059733872913\">Facebook<\/a><\/p>\n<p><a href=\"https:\/\/jonaswinner.com\/?page_id=1093\">Berlin Gothic 2: \u201cDie versteckte Stadt\u201d<\/a>: <a href=\"http:\/\/www.amazon.de\/Die-versteckte-Stadt-Thriller-ebook\/dp\/B005OVCVZW\/\">amazon<\/a> \u2013 <a href=\"https:\/\/jonaswinner.com\/?page_id=1093\">Infos<\/a> \u2013 <a href=\"http:\/\/www.facebook.com\/pages\/Jonas-Winner\/140189889411066\">Facebook<\/a><\/p>\n<p><a href=\"https:\/\/jonaswinner.com\/?page_id=1367\">Berlin Gothic 3: \u201cXavers Ende\u201d<\/a>: <a href=\"http:\/\/www.amazon.de\/Berlin-Gothic-Xavers-Thriller-ebook\/dp\/B00624EYC8\/\">amazon<\/a> \u2013 <a href=\"https:\/\/jonaswinner.com\/?page_id=1367\">Infos<\/a> \u2013 <a href=\"http:\/\/www.facebook.com\/pages\/Jonas-Winner\/140189889411066\">Facebook<\/a><em><br \/>\n<\/em><\/p>\n<p><a href=\"https:\/\/jonaswinner.com\/?page_id=1531\">Berlin Gothic 4: \u201cDer versteckte Wille\u201d<\/a>: <a href=\"http:\/\/www.amazon.de\/Berlin-Gothic-versteckte-Thriller-ebook\/dp\/B006NZEC8C\">amazon<\/a> \u2013 <a href=\"https:\/\/jonaswinner.com\/?page_id=1531\">Infos<\/a> \u2013 <a href=\"http:\/\/www.facebook.com\/pages\/Jonas-Winner\/140189889411066\">Facebook<\/a><\/p>\n<p><a href=\"https:\/\/jonaswinner.com\/?page_id=1591\">Berlin Gothic 5: \u201cNachts bei Max\u201d<em> <\/em><\/a>: <a href=\"http:\/\/www.amazon.de\/Berlin-Gothic-Nachts-bei-ebook\/dp\/B0075OUFSG\/\">amazon<\/a> \u2013 <a href=\"https:\/\/jonaswinner.com\/?page_id=1591\">Infos<\/a> \u2013 <a href=\"http:\/\/www.facebook.com\/pages\/Jonas-Winner\/140189889411066\">Facebook<\/a><\/p>\n<p><a href=\"https:\/\/jonaswinner.com\/?page_id=1719\">Berlin Gothic 6: \u201cDie versteckte Bedeutung\u201d<\/a>: <a href=\"http:\/\/www.amazon.de\/Berlin-Gothic-versteckte-Bedeutung-ebook\/dp\/B007NLSIQ2\/\">amazon<\/a> \u2013 <a href=\"https:\/\/jonaswinner.com\/?page_id=1719\">Infos<\/a> \u2013 <a href=\"http:\/\/www.facebook.com\/pages\/Jonas-Winner\/140189889411066\">Fcbook<\/a><\/p>\n<p><em> <\/em><\/p>\n<p><a href=\"https:\/\/jonaswinner.com\/?page_id=1856\">Berlin Gothic 7:\u00a0 \u201cGottmaschine\u201d (Abschluss)<\/a>: <a href=\"http:\/\/www.amazon.de\/Berlin-Gothic-Gottmaschine-Thriller-ebook\/dp\/B008CPX4VC\/\">amazon<\/a> \u2013 <a href=\"https:\/\/jonaswinner.com\/?page_id=1856\">Infos<\/a> \u2013 <a href=\"http:\/\/www.facebook.com\/pages\/Jonas-Winner\/140189889411066\">Fcbook<\/a><\/p>\n","protected":false},"excerpt":{"rendered":"<p>amazon Facebook LovelyBooks itunes \/ weitere shops Leseprobe Inhalt Eine Mordserie ersch\u00fcttert Berlin. Der zweite Band des siebenteiligen Thrillers. Till Ansch\u00fctz hat es geschafft, er darf im Haus der Bentheims bleiben. Aber unter der gl\u00e4nzenden Oberfl\u00e4che der Villa schlummert ein dunkles Geheimnis. Und je mehr Till zu einem Teil der Familie wird, desto tiefer wird [&hellip;]<\/p>\n","protected":false},"author":1,"featured_media":0,"parent":0,"menu_order":0,"comment_status":"open","ping_status":"open","template":"","meta":{"footnotes":""},"_links":{"self":[{"href":"https:\/\/jonaswinner.com\/index.php?rest_route=\/wp\/v2\/pages\/1093"}],"collection":[{"href":"https:\/\/jonaswinner.com\/index.php?rest_route=\/wp\/v2\/pages"}],"about":[{"href":"https:\/\/jonaswinner.com\/index.php?rest_route=\/wp\/v2\/types\/page"}],"author":[{"embeddable":true,"href":"https:\/\/jonaswinner.com\/index.php?rest_route=\/wp\/v2\/users\/1"}],"replies":[{"embeddable":true,"href":"https:\/\/jonaswinner.com\/index.php?rest_route=%2Fwp%2Fv2%2Fcomments&post=1093"}],"version-history":[{"count":31,"href":"https:\/\/jonaswinner.com\/index.php?rest_route=\/wp\/v2\/pages\/1093\/revisions"}],"predecessor-version":[{"id":1927,"href":"https:\/\/jonaswinner.com\/index.php?rest_route=\/wp\/v2\/pages\/1093\/revisions\/1927"}],"wp:attachment":[{"href":"https:\/\/jonaswinner.com\/index.php?rest_route=%2Fwp%2Fv2%2Fmedia&parent=1093"}],"curies":[{"name":"wp","href":"https:\/\/api.w.org\/{rel}","templated":true}]}}